{"id":8,"date":"2026-01-22T17:05:04","date_gmt":"2026-01-22T17:05:04","guid":{"rendered":"https:\/\/beate-kirsch.de\/?page_id=8"},"modified":"2026-02-05T13:00:58","modified_gmt":"2026-02-05T13:00:58","slug":"home","status":"publish","type":"page","link":"https:\/\/beate-kirsch.de\/","title":{"rendered":"Home"},"content":{"rendered":"\t\t<div data-elementor-type=\"wp-post\" data-elementor-id=\"8\" class=\"elementor elementor-8\">\n\t\t\t\t<div class=\"elementor-element elementor-element-3f74826c e-flex e-con-boxed wpr-particle-no wpr-jarallax-no wpr-parallax-no wpr-sticky-section-no e-con e-parent\" data-id=\"3f74826c\" data-element_type=\"container\" data-e-type=\"container\">\n\t\t\t\t\t<div class=\"e-con-inner\">\n\t\t\t\t<div class=\"elementor-element elementor-element-159fc3b5 animated-slow elementor-invisible elementor-widget elementor-widget-shortcode\" data-id=\"159fc3b5\" data-element_type=\"widget\" data-e-type=\"widget\" data-settings=\"{&quot;_animation&quot;:&quot;fadeInDown&quot;}\" data-widget_type=\"shortcode.default\">\n\t\t\t\t\t\t\t<div class=\"elementor-shortcode\">\t\t<div data-elementor-type=\"wp-post\" data-elementor-id=\"144\" class=\"elementor elementor-144\">\n\t\t\t\t<div class=\"elementor-element elementor-element-ae1cd59 e-con-full e-flex wpr-particle-no wpr-jarallax-no wpr-parallax-no wpr-sticky-section-no e-con e-parent\" data-id=\"ae1cd59\" data-element_type=\"container\" data-e-type=\"container\" data-settings=\"{&quot;animation&quot;:&quot;none&quot;}\">\n\t\t\t\t<div class=\"elementor-element elementor-element-e9936a5 elementor-widget elementor-widget-image\" data-id=\"e9936a5\" data-element_type=\"widget\" data-e-type=\"widget\" data-settings=\"{&quot;_animation&quot;:&quot;none&quot;}\" data-widget_type=\"image.default\">\n\t\t\t\t\t\t\t\t\t\t\t\t\t\t\t<img fetchpriority=\"high\" decoding=\"async\" width=\"750\" height=\"173\" src=\"https:\/\/beate-kirsch.de\/wp-content\/uploads\/2026\/01\/Logo_BK_w_1000px-768x177.png\" class=\"attachment-medium_large size-medium_large wp-image-73\" alt=\"Beate Kirsch Logo und Schriftzug wei\u00df\" srcset=\"https:\/\/beate-kirsch.de\/wp-content\/uploads\/2026\/01\/Logo_BK_w_1000px-768x177.png 768w, https:\/\/beate-kirsch.de\/wp-content\/uploads\/2026\/01\/Logo_BK_w_1000px-300x69.png 300w, https:\/\/beate-kirsch.de\/wp-content\/uploads\/2026\/01\/Logo_BK_w_1000px.png 1000w\" sizes=\"(max-width: 750px) 100vw, 750px\" style=\"width:100%;height:23.1%;max-width:1000px\" \/>\t\t\t\t\t\t\t\t\t\t\t\t\t\t\t<\/div>\n\t\t\t\t<div class=\"elementor-element elementor-element-5b84aec elementor-widget-tablet__width-auto elementor-widget elementor-widget-ekit-nav-menu\" data-id=\"5b84aec\" data-element_type=\"widget\" data-e-type=\"widget\" data-widget_type=\"ekit-nav-menu.default\">\n\t\t\t\t<div class=\"elementor-widget-container\">\n\t\t\t\t\t\t\t<nav class=\"ekit-wid-con ekit_menu_responsive_tablet\" \n\t\t\tdata-hamburger-icon=\"icon icon-menu-1\" \n\t\t\tdata-hamburger-icon-type=\"icon\" \n\t\t\tdata-responsive-breakpoint=\"1024\">\n\t\t\t            <button class=\"elementskit-menu-hamburger elementskit-menu-toggler\"  type=\"button\" aria-label=\"hamburger-icon\">\n                <i aria-hidden=\"true\" class=\"ekit-menu-icon icon icon-menu-1\"><\/i>            <\/button>\n            <div id=\"ekit-megamenu-main-navi\" class=\"elementskit-menu-container elementskit-menu-offcanvas-elements elementskit-navbar-nav-default ekit-nav-menu-one-page- ekit-nav-dropdown-hover\"><ul id=\"menu-main-navi\" class=\"elementskit-navbar-nav elementskit-menu-po-center submenu-click-on-icon\"><li id=\"menu-item-28\" class=\"menu-item menu-item-type-post_type menu-item-object-page menu-item-home menu-item-28 nav-item elementskit-mobile-builder-content\" data-vertical-menu=750px><a href=\"https:\/\/beate-kirsch.de\/\" class=\"ekit-menu-nav-link\">Home<\/a><\/li>\n<li id=\"menu-item-517\" class=\"menu-item menu-item-type-post_type menu-item-object-page menu-item-517 nav-item elementskit-mobile-builder-content\" data-vertical-menu=750px><a href=\"https:\/\/beate-kirsch.de\/?page_id=502\" class=\"ekit-menu-nav-link\">Videos<\/a><\/li>\n<li id=\"menu-item-303\" class=\"menu-item menu-item-type-post_type menu-item-object-page menu-item-303 nav-item elementskit-mobile-builder-content\" data-vertical-menu=750px><a href=\"https:\/\/beate-kirsch.de\/?page_id=275\" class=\"ekit-menu-nav-link\">Kontakt<\/a><\/li>\n<\/ul><div class=\"elementskit-nav-identity-panel\"><button class=\"elementskit-menu-close elementskit-menu-toggler\" type=\"button\">X<\/button><\/div><\/div>\t\t\t\n\t\t\t<div class=\"elementskit-menu-overlay elementskit-menu-offcanvas-elements elementskit-menu-toggler ekit-nav-menu--overlay\"><\/div>        <\/nav>\n\t\t\t\t\t\t<\/div>\n\t\t\t\t<\/div>\n\t\t\t\t<\/div>\n\t\t\t\t<\/div>\n\t\t<\/div>\n\t\t\t\t\t\t<\/div>\n\t\t\t\t<div class=\"elementor-element elementor-element-5db03e05 elementor-widget elementor-widget-spacer\" data-id=\"5db03e05\" data-element_type=\"widget\" data-e-type=\"widget\" data-widget_type=\"spacer.default\">\n\t\t\t\t\t\t\t<div class=\"elementor-spacer\">\n\t\t\t<div class=\"elementor-spacer-inner\"><\/div>\n\t\t<\/div>\n\t\t\t\t\t\t<\/div>\n\t\t<div class=\"elementor-element elementor-element-5e0ed1d e-con-full e-flex wpr-particle-no wpr-jarallax-no wpr-parallax-no wpr-sticky-section-no e-con e-child\" data-id=\"5e0ed1d\" data-element_type=\"container\" data-e-type=\"container\">\n\t\t<div class=\"elementor-element elementor-element-ee6a278 e-flex e-con-boxed wpr-particle-no wpr-jarallax-no wpr-parallax-no wpr-sticky-section-no e-con e-child\" data-id=\"ee6a278\" data-element_type=\"container\" data-e-type=\"container\">\n\t\t\t\t\t<div class=\"e-con-inner\">\n\t\t\t\t<div class=\"elementor-element elementor-element-db692b6 elementor-widget elementor-widget-heading\" data-id=\"db692b6\" data-element_type=\"widget\" data-e-type=\"widget\" data-widget_type=\"heading.default\">\n\t\t\t\t\t<h2 class=\"elementor-heading-title elementor-size-default\">Herzlich Willkommen auf meiner neuen  Fotografie &amp; Videografie Website<\/h2>\t\t\t\t<\/div>\n\t\t\t\t\t<\/div>\n\t\t\t\t<\/div>\n\t\t\t\t<div class=\"elementor-element elementor-element-ecade45 elementor-widget elementor-widget-text-editor\" data-id=\"ecade45\" data-element_type=\"widget\" data-e-type=\"widget\" data-widget_type=\"text-editor.default\">\n\t\t\t\t\t\t\t\t\t<p data-start=\"698\" data-end=\"919\">Mein Name ist Beate Kirsch \u2013 und ich liebe es, Momente sichtbar zu machen.<br data-start=\"776\" data-end=\"779\" \/>Als Fotografin und Videografin erz\u00e4hle ich Geschichten von Menschen, Marken und Begegnungen \u2013 ehrlich, ruhig und mit Blick f\u00fcrs Wesentliche.<\/p><p data-start=\"921\" data-end=\"1095\">Ich arbeite intuitiv, aufmerksam und mit viel Gesp\u00fcr f\u00fcr Details. Ob Foto oder Film: Meine Arbeit soll nicht laut sein, sondern ber\u00fchren, Vertrauen schaffen und lange wirken.<\/p>\t\t\t\t\t\t\t\t<\/div>\n\t\t\t\t<div class=\"elementor-element elementor-element-fd37cc1 elementor-widget elementor-widget-text-editor\" data-id=\"fd37cc1\" data-element_type=\"widget\" data-e-type=\"widget\" data-widget_type=\"text-editor.default\">\n\t\t\t\t\t\t\t\t\t<p>Hier entsteht meine neue Website. Momentan befindet sich noch einiges im Aufbau aber &#8230; Von Neuigkeiten bis zu Referenzen wird hier in Zukunft einiges zu sehen sein.<\/p><p>Ich w\u00fcnsche allen Besuchern viel Spa\u00df!<\/p><p>\u00a0<\/p><p>Eure Beate Kirsch<\/p>\t\t\t\t\t\t\t\t<\/div>\n\t\t\t\t<\/div>\n\t\t\t\t<div class=\"elementor-element elementor-element-7130bc78 elementor-widget elementor-widget-spacer\" data-id=\"7130bc78\" data-element_type=\"widget\" data-e-type=\"widget\" data-widget_type=\"spacer.default\">\n\t\t\t\t\t\t\t<div class=\"elementor-spacer\">\n\t\t\t<div class=\"elementor-spacer-inner\"><\/div>\n\t\t<\/div>\n\t\t\t\t\t\t<\/div>\n\t\t\t\t<div class=\"elementor-element elementor-element-6493e7fb elementor-widget elementor-widget-shortcode\" data-id=\"6493e7fb\" data-element_type=\"widget\" data-e-type=\"widget\" data-widget_type=\"shortcode.default\">\n\t\t\t\t\t\t\t<div class=\"elementor-shortcode\">\t\t<div data-elementor-type=\"wp-post\" data-elementor-id=\"56\" class=\"elementor elementor-56\">\n\t\t\t\t<div class=\"elementor-element elementor-element-d25193d e-flex e-con-boxed wpr-particle-no wpr-jarallax-no wpr-parallax-no wpr-sticky-section-no e-con e-parent\" data-id=\"d25193d\" data-element_type=\"container\" data-e-type=\"container\">\n\t\t\t\t\t<div class=\"e-con-inner\">\n\t\t\t\t\t<\/div>\n\t\t\t\t<\/div>\n\t\t<div class=\"elementor-element elementor-element-1de8278 e-flex e-con-boxed wpr-particle-no wpr-jarallax-no wpr-parallax-no wpr-sticky-section-no e-con e-parent\" data-id=\"1de8278\" data-element_type=\"container\" data-e-type=\"container\">\n\t\t\t\t\t<div class=\"e-con-inner\">\n\t\t<div class=\"elementor-element elementor-element-ad585aa e-grid e-con-full wpr-particle-no wpr-jarallax-no wpr-parallax-no wpr-sticky-section-no e-con e-child\" data-id=\"ad585aa\" data-element_type=\"container\" data-e-type=\"container\">\n\t\t\t\t<div class=\"elementor-element elementor-element-5c37c43 elementor-widget elementor-widget-text-editor\" data-id=\"5c37c43\" data-element_type=\"widget\" data-e-type=\"widget\" data-widget_type=\"text-editor.default\">\n\t\t\t\t\t\t\t\t\t<p><a href=\"https:\/\/beate-kirsch.de\/?page_id=83\">Impressum<\/a>\u00a0\u00a0\u00a0\u00a0<a href=\"https:\/\/beate-kirsch.de\/?page_id=90\">Datenschutz<\/a><\/p>\t\t\t\t\t\t\t\t<\/div>\n\t\t\t\t<div class=\"elementor-element elementor-element-ddc1617 elementor-shape-circle elementor-grid-0 e-grid-align-center elementor-widget elementor-widget-social-icons\" data-id=\"ddc1617\" data-element_type=\"widget\" data-e-type=\"widget\" data-widget_type=\"social-icons.default\">\n\t\t\t\t\t\t\t<div class=\"elementor-social-icons-wrapper elementor-grid\" role=\"list\">\n\t\t\t\t\t\t\t<span class=\"elementor-grid-item\" role=\"listitem\">\n\t\t\t\t\t<a class=\"elementor-icon elementor-social-icon elementor-social-icon-youtube elementor-repeater-item-6dec72a\" href=\"https:\/\/www.youtube.com\/@beatekirsch8\" target=\"_blank\">\n\t\t\t\t\t\t<span class=\"elementor-screen-only\">Youtube<\/span>\n\t\t\t\t\t\t<svg aria-hidden=\"true\" class=\"e-font-icon-svg e-fab-youtube\" viewBox=\"0 0 576 512\" xmlns=\"http:\/\/www.w3.org\/2000\/svg\"><path d=\"M549.655 124.083c-6.281-23.65-24.787-42.276-48.284-48.597C458.781 64 288 64 288 64S117.22 64 74.629 75.486c-23.497 6.322-42.003 24.947-48.284 48.597-11.412 42.867-11.412 132.305-11.412 132.305s0 89.438 11.412 132.305c6.281 23.65 24.787 41.5 48.284 47.821C117.22 448 288 448 288 448s170.78 0 213.371-11.486c23.497-6.321 42.003-24.171 48.284-47.821 11.412-42.867 11.412-132.305 11.412-132.305s0-89.438-11.412-132.305zm-317.51 213.508V175.185l142.739 81.205-142.739 81.201z\"><\/path><\/svg>\t\t\t\t\t<\/a>\n\t\t\t\t<\/span>\n\t\t\t\t\t\t\t<span class=\"elementor-grid-item\" role=\"listitem\">\n\t\t\t\t\t<a class=\"elementor-icon elementor-social-icon elementor-social-icon-linkedin elementor-repeater-item-1f527c1\" href=\"http:\/\/linkedin.com\/in\/kirsch-beate-bb8126b1\" target=\"_blank\">\n\t\t\t\t\t\t<span class=\"elementor-screen-only\">Linkedin<\/span>\n\t\t\t\t\t\t<svg aria-hidden=\"true\" class=\"e-font-icon-svg e-fab-linkedin\" viewBox=\"0 0 448 512\" xmlns=\"http:\/\/www.w3.org\/2000\/svg\"><path d=\"M416 32H31.9C14.3 32 0 46.5 0 64.3v383.4C0 465.5 14.3 480 31.9 480H416c17.6 0 32-14.5 32-32.3V64.3c0-17.8-14.4-32.3-32-32.3zM135.4 416H69V202.2h66.5V416zm-33.2-243c-21.3 0-38.5-17.3-38.5-38.5S80.9 96 102.2 96c21.2 0 38.5 17.3 38.5 38.5 0 21.3-17.2 38.5-38.5 38.5zm282.1 243h-66.4V312c0-24.8-.5-56.7-34.5-56.7-34.6 0-39.9 27-39.9 54.9V416h-66.4V202.2h63.7v29.2h.9c8.9-16.8 30.6-34.5 62.9-34.5 67.2 0 79.7 44.3 79.7 101.9V416z\"><\/path><\/svg>\t\t\t\t\t<\/a>\n\t\t\t\t<\/span>\n\t\t\t\t\t\t\t<span class=\"elementor-grid-item\" role=\"listitem\">\n\t\t\t\t\t<a class=\"elementor-icon elementor-social-icon elementor-social-icon-instagram elementor-repeater-item-8953c99\" href=\"https:\/\/www.instagram.com\/beate_kirsch\/\" target=\"_blank\">\n\t\t\t\t\t\t<span class=\"elementor-screen-only\">Instagram<\/span>\n\t\t\t\t\t\t<svg aria-hidden=\"true\" class=\"e-font-icon-svg e-fab-instagram\" viewBox=\"0 0 448 512\" xmlns=\"http:\/\/www.w3.org\/2000\/svg\"><path d=\"M224.1 141c-63.6 0-114.9 51.3-114.9 114.9s51.3 114.9 114.9 114.9S339 319.5 339 255.9 287.7 141 224.1 141zm0 189.6c-41.1 0-74.7-33.5-74.7-74.7s33.5-74.7 74.7-74.7 74.7 33.5 74.7 74.7-33.6 74.7-74.7 74.7zm146.4-194.3c0 14.9-12 26.8-26.8 26.8-14.9 0-26.8-12-26.8-26.8s12-26.8 26.8-26.8 26.8 12 26.8 26.8zm76.1 27.2c-1.7-35.9-9.9-67.7-36.2-93.9-26.2-26.2-58-34.4-93.9-36.2-37-2.1-147.9-2.1-184.9 0-35.8 1.7-67.6 9.9-93.9 36.1s-34.4 58-36.2 93.9c-2.1 37-2.1 147.9 0 184.9 1.7 35.9 9.9 67.7 36.2 93.9s58 34.4 93.9 36.2c37 2.1 147.9 2.1 184.9 0 35.9-1.7 67.7-9.9 93.9-36.2 26.2-26.2 34.4-58 36.2-93.9 2.1-37 2.1-147.8 0-184.8zM398.8 388c-7.8 19.6-22.9 34.7-42.6 42.6-29.5 11.7-99.5 9-132.1 9s-102.7 2.6-132.1-9c-19.6-7.8-34.7-22.9-42.6-42.6-11.7-29.5-9-99.5-9-132.1s-2.6-102.7 9-132.1c7.8-19.6 22.9-34.7 42.6-42.6 29.5-11.7 99.5-9 132.1-9s102.7-2.6 132.1 9c19.6 7.8 34.7 22.9 42.6 42.6 11.7 29.5 9 99.5 9 132.1s2.7 102.7-9 132.1z\"><\/path><\/svg>\t\t\t\t\t<\/a>\n\t\t\t\t<\/span>\n\t\t\t\t\t<\/div>\n\t\t\t\t\t\t<\/div>\n\t\t\t\t<div class=\"elementor-element elementor-element-6227fa5 elementor-widget elementor-widget-image\" data-id=\"6227fa5\" data-element_type=\"widget\" data-e-type=\"widget\" data-widget_type=\"image.default\">\n\t\t\t\t\t\t\t\t\t\t\t\t\t\t\t\t<a href=\"http:\/\/www.beate-kirsch.de\">\n\t\t\t\t\t\t\t<img decoding=\"async\" src=\"https:\/\/beate-kirsch.de\/wp-content\/uploads\/elementor\/thumbs\/Logo_BK_nur_Logo_weiss_100px-Kopie-ri6skcf58l4b06r3usn01uzruu9iqz7v1re6d83t5s.png\" title=\"Logo_BK_nur_Logo_weiss_100px Kopie\" alt=\"Logo Beate Kirsch\" loading=\"lazy\" \/>\t\t\t\t\t\t\t\t<\/a>\n\t\t\t\t\t\t\t\t\t\t\t\t\t\t\t<\/div>\n\t\t\t\t<\/div>\n\t\t\t\t\t<\/div>\n\t\t\t\t<\/div>\n\t\t\t\t<\/div>\n\t\t<\/div>\n\t\t\t\t\t\t<\/div>\n\t\t\t\t\t<\/div>\n\t\t\t\t<\/div>\n\t\t\t\t<\/div>\n\t\t","protected":false},"excerpt":{"rendered":"<p>Herzlich Willkommen auf meiner neuen Fotografie &amp; Videografie Website Mein Name ist Beate Kirsch \u2013 und ich liebe es, Momente sichtbar zu machen.Als Fotografin und Videografin erz\u00e4hle ich Geschichten von Menschen, Marken und Begegnungen \u2013 ehrlich, ruhig und mit Blick f\u00fcrs Wesentliche. Ich arbeite intuitiv, aufmerksam und mit viel Gesp\u00fcr f\u00fcr Details. Ob Foto oder Film: Meine Arbeit soll nicht laut sein, sondern ber\u00fchren, Vertrauen schaffen und lange wirken. Hier entsteht meine neue Website. Momentan befindet sich noch einiges im Aufbau aber &#8230; Von Neuigkeiten bis zu Referenzen wird hier in Zukunft einiges zu sehen sein. Ich w\u00fcnsche allen Besuchern viel Spa\u00df! \u00a0 Eure Beate Kirsch<\/p>\n","protected":false},"author":1,"featured_media":0,"parent":0,"menu_order":0,"comment_status":"closed","ping_status":"closed","template":"elementor_canvas","meta":{"footnotes":""},"class_list":["post-8","page","type-page","status-publish","hentry","entry"],"yoast_head":"<!-- This site is optimized with the Yoast SEO plugin v26.9 - https:\/\/yoast.com\/product\/yoast-seo-wordpress\/ -->\n<title>Home - Beate Kirsch<\/title>\n<meta name=\"description\" content=\"Portr\u00e4ts, Hochzeitsfotografie, Social Media, Business, Events oder Imagefilme:Ich lege Wert auf nat\u00fcrliche Bilder, saubere Bildsprache.\" \/>\n<meta name=\"robots\" content=\"index, follow, max-snippet:-1, max-image-preview:large, max-video-preview:-1\" \/>\n<link rel=\"canonical\" href=\"https:\/\/beate-kirsch.de\/\" \/>\n<meta property=\"og:locale\" content=\"de_DE\" \/>\n<meta property=\"og:type\" content=\"article\" \/>\n<meta property=\"og:title\" content=\"Home - Beate Kirsch\" \/>\n<meta property=\"og:description\" content=\"Portr\u00e4ts, Hochzeitsfotografie, Social Media, Business, Events oder Imagefilme:Ich lege Wert auf nat\u00fcrliche Bilder, saubere Bildsprache.\" \/>\n<meta property=\"og:url\" content=\"https:\/\/beate-kirsch.de\/\" \/>\n<meta property=\"og:site_name\" content=\"Beate Kirsch\" \/>\n<meta property=\"article:modified_time\" content=\"2026-02-05T13:00:58+00:00\" \/>\n<meta name=\"twitter:card\" content=\"summary_large_image\" \/>\n<meta name=\"twitter:label1\" content=\"Gesch\u00e4tzte Lesezeit\" \/>\n\t<meta name=\"twitter:data1\" content=\"1\u00a0Minute\" \/>\n<script type=\"application\/ld+json\" class=\"yoast-schema-graph\">{\"@context\":\"https:\/\/schema.org\",\"@graph\":[{\"@type\":\"WebPage\",\"@id\":\"https:\/\/beate-kirsch.de\/\",\"url\":\"https:\/\/beate-kirsch.de\/\",\"name\":\"Home - Beate Kirsch\",\"isPartOf\":{\"@id\":\"https:\/\/beate-kirsch.de\/#website\"},\"datePublished\":\"2026-01-22T17:05:04+00:00\",\"dateModified\":\"2026-02-05T13:00:58+00:00\",\"description\":\"Portr\u00e4ts, Hochzeitsfotografie, Social Media, Business, Events oder Imagefilme:Ich lege Wert auf nat\u00fcrliche Bilder, saubere Bildsprache.\",\"breadcrumb\":{\"@id\":\"https:\/\/beate-kirsch.de\/#breadcrumb\"},\"inLanguage\":\"de\",\"potentialAction\":[{\"@type\":\"ReadAction\",\"target\":[\"https:\/\/beate-kirsch.de\/\"]}]},{\"@type\":\"BreadcrumbList\",\"@id\":\"https:\/\/beate-kirsch.de\/#breadcrumb\",\"itemListElement\":[{\"@type\":\"ListItem\",\"position\":1,\"name\":\"Start\",\"item\":\"https:\/\/beate-kirsch.de\/\"},{\"@type\":\"ListItem\",\"position\":2,\"name\":\"Home\"}]},{\"@type\":\"WebSite\",\"@id\":\"https:\/\/beate-kirsch.de\/#website\",\"url\":\"https:\/\/beate-kirsch.de\/\",\"name\":\"Beate Kirsch - Fotografie & Videografie\",\"description\":\"Fotografie &amp; Videografie\",\"potentialAction\":[{\"@type\":\"SearchAction\",\"target\":{\"@type\":\"EntryPoint\",\"urlTemplate\":\"https:\/\/beate-kirsch.de\/?s={search_term_string}\"},\"query-input\":{\"@type\":\"PropertyValueSpecification\",\"valueRequired\":true,\"valueName\":\"search_term_string\"}}],\"inLanguage\":\"de\"}]}<\/script>\n<!-- \/ Yoast SEO plugin. -->","yoast_head_json":{"title":"Home - Beate Kirsch","description":"Portr\u00e4ts, Hochzeitsfotografie, Social Media, Business, Events oder Imagefilme:Ich lege Wert auf nat\u00fcrliche Bilder, saubere Bildsprache.","robots":{"index":"index","follow":"follow","max-snippet":"max-snippet:-1","max-image-preview":"max-image-preview:large","max-video-preview":"max-video-preview:-1"},"canonical":"https:\/\/beate-kirsch.de\/","og_locale":"de_DE","og_type":"article","og_title":"Home - Beate Kirsch","og_description":"Portr\u00e4ts, Hochzeitsfotografie, Social Media, Business, Events oder Imagefilme:Ich lege Wert auf nat\u00fcrliche Bilder, saubere Bildsprache.","og_url":"https:\/\/beate-kirsch.de\/","og_site_name":"Beate Kirsch","article_modified_time":"2026-02-05T13:00:58+00:00","twitter_card":"summary_large_image","twitter_misc":{"Gesch\u00e4tzte Lesezeit":"1\u00a0Minute"},"schema":{"@context":"https:\/\/schema.org","@graph":[{"@type":"WebPage","@id":"https:\/\/beate-kirsch.de\/","url":"https:\/\/beate-kirsch.de\/","name":"Home - Beate Kirsch","isPartOf":{"@id":"https:\/\/beate-kirsch.de\/#website"},"datePublished":"2026-01-22T17:05:04+00:00","dateModified":"2026-02-05T13:00:58+00:00","description":"Portr\u00e4ts, Hochzeitsfotografie, Social Media, Business, Events oder Imagefilme:Ich lege Wert auf nat\u00fcrliche Bilder, saubere Bildsprache.","breadcrumb":{"@id":"https:\/\/beate-kirsch.de\/#breadcrumb"},"inLanguage":"de","potentialAction":[{"@type":"ReadAction","target":["https:\/\/beate-kirsch.de\/"]}]},{"@type":"BreadcrumbList","@id":"https:\/\/beate-kirsch.de\/#breadcrumb","itemListElement":[{"@type":"ListItem","position":1,"name":"Start","item":"https:\/\/beate-kirsch.de\/"},{"@type":"ListItem","position":2,"name":"Home"}]},{"@type":"WebSite","@id":"https:\/\/beate-kirsch.de\/#website","url":"https:\/\/beate-kirsch.de\/","name":"Beate Kirsch - Fotografie & Videografie","description":"Fotografie &amp; Videografie","potentialAction":[{"@type":"SearchAction","target":{"@type":"EntryPoint","urlTemplate":"https:\/\/beate-kirsch.de\/?s={search_term_string}"},"query-input":{"@type":"PropertyValueSpecification","valueRequired":true,"valueName":"search_term_string"}}],"inLanguage":"de"}]}},"_links":{"self":[{"href":"https:\/\/beate-kirsch.de\/index.php?rest_route=\/wp\/v2\/pages\/8","targetHints":{"allow":["GET"]}}],"collection":[{"href":"https:\/\/beate-kirsch.de\/index.php?rest_route=\/wp\/v2\/pages"}],"about":[{"href":"https:\/\/beate-kirsch.de\/index.php?rest_route=\/wp\/v2\/types\/page"}],"author":[{"embeddable":true,"href":"https:\/\/beate-kirsch.de\/index.php?rest_route=\/wp\/v2\/users\/1"}],"replies":[{"embeddable":true,"href":"https:\/\/beate-kirsch.de\/index.php?rest_route=%2Fwp%2Fv2%2Fcomments&post=8"}],"version-history":[{"count":95,"href":"https:\/\/beate-kirsch.de\/index.php?rest_route=\/wp\/v2\/pages\/8\/revisions"}],"predecessor-version":[{"id":534,"href":"https:\/\/beate-kirsch.de\/index.php?rest_route=\/wp\/v2\/pages\/8\/revisions\/534"}],"wp:attachment":[{"href":"https:\/\/beate-kirsch.de\/index.php?rest_route=%2Fwp%2Fv2%2Fmedia&parent=8"}],"curies":[{"name":"wp","href":"https:\/\/api.w.org\/{rel}","templated":true}]}}